 to base 7.
21
Convert -81 (base 11) to base 13.
-6b
What is -4 (base 11) in base 12?
-4
-32 (base 6) to base 14
-16
Convert -3 (base 4) to base 14.
-3
What is 78 (base 10) in base 16?
4e
-111 (base 2) to base 8
-7
Convert 3a (base 12) to base 3.
1201
What is 1 (base 10) in base 14?
1
What is 120 (base 4) in base 9?
26
Convert 101 (base 2) to base 5.
10
What is 1 (base 4) in base 7?
1
0 (base 16) to base 3
0
Convert 78 (base 10) to base 5.
303
-3 (base 6) to base 8
-3
What is -10 (base 3) in base 10?
-3
Convert -4 (base 12) to base 6.
-4
What is 70 (base 9) in base 12?
53
What is 100 (base 2) in base 8?
4
What is 2 (base 6) in base 13?
2
What is 0 (base 5) in base 15?
0
Convert 130 (base 9) to base 14.
7a
111 (base 4) to base 9
23
What is -6 (base 12) in base 14?
-6
What is -1 (base 7) in base 2?
-1
Convert -5b (base 16) to base 5.
-331
102 (base 7) to base 2
110011
What is 1c (base 15) in base 9?
30
What is 3 (base 4) in base 11?
3
Convert -202 (base 11) to base 9.
-301
-db (base 15) to base 4
-3032
What is -15 (base 7) in base 2?
-1100
c (base 14) to base 11
11
Convert -10 (base 4) to base 11.
-4
46 (base 10) to base 16
2e
-97 (base 11) to base 9
-127
What is 11 (base 5) in base 6?
10
What is -63 (base 10) in base 14?
-47
Convert -39 (base 10) to base 14.
-2b
-7a (base 11) to base 7
-153
What is 1101010 (base 2) in base 8?
152
7 (base 8) to base 15
7
Convert 1110 (base 5) to base 2.
10011011
2 (base 14) to base 9
2
What is -10111001 (base 2) in base 13?
-113
-200 (base 3) to base 6
-30
Convert 1100111 (base 2) to base 3.
10211
What is -62 (base 13) in base 3?
-2222
54 (base 6) to base 3
1021
Convert -2 (base 11) to base 5.
-2
82 (base 10) to base 8
122
Convert 0 (base 7) to base 13.
0
Convert -1 (base 4) to base 15.
-1
Convert 4 (base 11) to base 16.
4
What is 4 (base 8) in base 2?
100
What is 38 (base 13) in base 16?
2f
12 (base 14) to base 2
10000
Convert 4 (base 9) to base 13.
4
13 (base 4) to base 14
7
-3 (base 11) to base 13
-3
1220 (base 4) to base 5
404
Convert 92 (base 11) to base 13.
7a
-6 (base 13) to base 11
-6
a (base 16) to base 8
12
What is 70 (base 10) in base 15?
4a
-52 (base 7) to base 8
-45
What is 28 (base 12) in base 9?
35
-1 (base 5) to base 7
-1
What is 1023 (base 5) in base 11?
116
Convert 24 (base 8) to base 2.
10100
Convert -1231 (base 5) to base 14.
-d9
Convert -7a (base 12) to base 16.
-5e
What is 1 (base 3) in base 10?
1
What is 1 (base 5) in base 15?
1
Convert 1001 (base 2) to base 15.
9
Convert -212 (base 3) to base 15.
-18
Convert 10 (base 13) to base 2.
1101
Convert 1122 (base 3) to base 7.
62
-11 (base 11) to base 15
-c
4 (base 7) to base 9
4
Convert 121 (base 3) to base 8.
20
Convert 143 (base 7) to base 6.
212
-133 (base 5) to base 16
-2b
What is -10 (base 4) in base 13?
-4
3 (base 8) to base 5
3
Convert -3 (base 5) to base 10.
-3
-1 (base 2) to base 6
-1
What is -21 (base 15) in base 12?
-27
Convert 1120 (base 3) to base 16.
2a
Convert -12 (base 3) to base 9.
-5
Convert 1101101 (base 2) to base 3.
11001
38 (base 14) to base 2
110010
What is 30 (base 11) in base 2?
100001
Convert 251 (base 6) to base 9.
124
What is 1000 (base 2) in base 12?
8
What is -1 (base 6) in base 7?
-1
What is 1 (base 10) in base 11?
1
Convert 0 (base 10) to base 9.
0
20 (base 9) to base 8
22
Convert -236 (base 12) to base 4.
-11022
What is -27 (base 10) in base 15?
-1c
What is -45 (base 7) in base 3?
-1020
Convert -10 (base 3) to base 12.
-3
What is -125 (base 10) in base 4?
-1331
113 (base 8) to base 11
69
Convert 40 (base 13) to base 3.
1221
Convert -143 (base 7) to base 3.
-2222
Convert -6 (base 11) to base 6.
-10
What is -100001 (base 2) in base 3?
-1020
What is c (base 15) in base 13?
c
Convert 119 (base 15) to base 5.
1444
Convert 0 (base 7) to base 3.
0
Convert 5 (base 16) to base 4.
11
What is -102 (base 4) in base 13?
-15
-15 (base 12) to base 9
-18
-56 (base 16) to base 5
-321
Convert -100001 (base 2) to base 3.
-1020
What is -54 (base 8) in base 13?
-35
Convert -1100000 (base 2) to base 15.
-66
What is -2 (base 6) in base 10?
-2
Convert 100211 (base 3) to base 15.
12a
Convert -1 (base 4) to base 8.
-1
Convert 216 (base 7) to base 9.
133
-11 (base 2) to base 13
-3
Convert -132 (base 5) to base 9.
-46
What is -13 (base 6) in base 13?
-9
-4 (base 11) to base 9
-4
What is -232 (base 5) in base 10?
-67
What is -13 (base 7) in base 12?
-a
Convert -10 (base 6) to base 8.
-6
Convert -7 (base 14) to base 4.
-13
What is 27 (base 10) in base 6?
43
What is 160 (base 15) in base 10?
315
What is 36 (base 10) in base 3?
1100
What is -2 (base 11) in base 13?
-2
-60 (base 11) to base 8
-102
What is -154 (base 7) in base 11?
-80
Convert -3 (base 7) to base 15.
-3
What is -6c (base 13) in base 8?
-132
-2 (base 13) to base 7
-2
Convert 20 (base 4) to base 8.
10
-3213 (base 4) to base 2
-11100111
Convert -3 (base 5) to base 6.
-3
Convert 3 (base 10) to base 9.
3
What is -aa (base 16) in base 13?
-101
0 (base 6) to base 8
0
Convert 72 (base 14) to base 5.
400
56 (base 13) to base 4
1013
What is -10 (base 5) in base 12?
-5
What is -6 (base 15) in base 6?
-10
Convert -11010011 (base 2) to base 15.
-e1
Convert -1a (base 16) to base 14.
-1c
-12 (base 6) to base 8
-10
What is -45 (base 15) in base 4?
-1001
Convert 0 (base 16) to base 14.
0
-100 (base 11) to base 4
-1321
What is 1101 (base 2) in base 7?
16
5 (base 6) to base 2
101
Convert 220 (base 3) to base 8.
30
29 (base 12) to base 11
30
-62 (base 7) to base 10
-44
-2 (base 9) to base 10
-2
Convert 6b (base 13) to base 9.
108
What is 3 (base 10) in base 15?
3
7 (base 8) to base 5
12
What is -1011 (base 2) in base 7?
-14
Convert -20 (base 15) to base 8.
-36
What is 0 (base 7) in base 14?
0
What is 21 (base 4) in base 10?
9
Convert 2 (base 5) to base 12.
2
b2 (base 15) to base 6
435
6 (base 16) to base 11
6
What is -1330 (base 4) in base 2?
-1111100
Convert 3 (base 15) to base 13.
3
10 (base 4) to base 6
4
What is -1002 (base 3) in base 12?
-25
What is -22 (base 15) in base 10?
-32
What is 11111 (base 2) in base 14?
23
Convert -57 (base 10) to base 12.
-49
Convert -2b (base 13) to base 15.
-27
Convert -1010011 (base 2) to base 10.
-83
Convert 24 (base 7) to base 2.
10010
What is -12 (base 8) in base 14?
-a
Convert 11 (base 13) to base 8.
16
Convert -1 (base 7) to base 11.
-1
What is -1121 (base 3) in base 4?
-223
Convert 30 (base 16) to base 5.
143
Convert 0 (base 8) to base 15.
0
Convert -1010 (base 2) to base 5.
-20
-11001100 (base 2) to base 15
-d9
Convert -3 (base 5) to base 4.
-3
-1 (base 4) to base 5
-1
Convert 5 (base 15) to base 12.
5
-3 (base 4) to base 7
-3
0 (base 7) to base 12
0
Convert 0 (base 16) to base 5.
0
6 (base 12) to base 13
6
Convert 1 (base 14) to base 12.
1
What is -24 (base 5) in base 10?
-14
What is -9 (base 11) in base 14?
-9
What is -e (base 16) in base 9?
-15
40 (base 8) to base 2
100000
Convert 0 (base 9) to base 3.
0
What is 8d (base 14) in base 16?
7d
2 (base 9) to base 15
2
What is -5 (base 8) in base 3?
-12
What is 1 (base 14) in base 13?
1
What is 24 (base 13) in base 5?
110
Convert -8 (base 14) to base 7.
-11
-18 (base 9) to base 11
-16
What is 9 (base 14) in base 5?
14
Convert -7 (base 11) to base 8.
-7
What is 153 (base 7) in base 10?
87
2000 (base 3) to base 4
312
-44 (base 10) to base 16
-2c
Convert -7 (base 15) to base 14.
-7
Convert -10 (base 2) to base 4.
-2
-10101 (base 3) to base 12
-77
What is 25 (base 10) in base 7?
34
21 (base 12) to base 6
41
-30 (base 4) to base 2
-1100
Convert -4 (base 15) to base 10.
-4
Convert -2 (base 10) to base 13.
-2
Convert -1 (base 7) to base 16.
-1
-2 (base 14) to base 13
-2
Convert c (base 14) to base 3.
110
132 (base 4) to base 6
50
Convert 11 (base 3) to base 5.
4
-2 (base 14) to base 16
-2
101 (base 2) to base 10
5
What is -42 (base 8) in base 14?
-26
Convert 1 (base 7) to base 6.
1
-2 (base 4) to base 12
-2
Convert -2 (base 15) to base 4.
-2
Convert 1 (base 7) to base 14.
1
Convert 0 (base 6) to base 14.
0
What is -11 (base 7) in base 3?
-22
Convert 1100001 (base 2) to base 10.
97
Convert -15 (base 14) to base 6.
-31
Convert -10100 (base 3) to base 11.
-82
Convert 13 (base 9) to base 12.
10
Convert 161 (base 8) to base 10.
113
Convert b (base 16) to base 2.
1011
Convert 0 (base 14) to base 15.
0
Convert 1 (base 